4. Calculate o(-9).
-15
Let w(a) = -66*a + 847. What is w(17)?
-275
Let o(l) = -24*l**2 + 4330*l - 1797. Calculate o(180).
3
Let q(j) = -27*j - 525. Determine q(-13).
-174
Let j(w) = w**2 + 177*w + 2586. Give j(-161).
10
Let k(t) = 127*t**3 - 5*t - 4. Determine k(-1).
-126
Let t(q) = 3*q**2 + 216*q - 444. Calculate t(-74).
0
Let z(a) = 2643*a - 66032. Determine z(25).
43
Let n(g) = 2459*g + 9891. What is n(-4)?
55
Let q(g) = g**3 - 41*g**2 - 108*g + 2764. Calculate q(42).
-8
Let x(c) = -2*c + 56. What is x(22)?
12
Let w(h) = -h**2 - 7*h + 119. Determine w(-11).
75
Let b(r) = -r**3 + 28*r**2 - 7*r + 166. Give b(28).
-30
Let i(g) = -2*g**2 + 220*g - 3113. Determine i(93).
49
Let n(q) = -q**2 - 11*q + 677. Determine n(21).
5
Let x(o) = o**3 + 17*o**2 - 198*o - 9. What is x(8)?
7
Let s(v) = 50507*v + 101018. Give s(-2).
4
Let x(k) = k**3 + 2*k**2 - 2*k + 63. Determine x(0).
63
Let b(i) = -15*i**3 - 232*i**2 - 231*i + 2. Give b(-1).
16
Let n(b) = -b**2 - 63*b - 936. What is n(-23)?
-16
Let j(p) = -2*p - 120. What is j(-4)?
-112
Let q(v) = 2*v**3 - 2*v**2 - 21*v + 7. Give q(-3).
-2
Let l(b) = -b**2 - 20*b - 119. What is l(-11)?
-20
Let u(b) = -b**2 + 353*b + 4757. Calculate u(-13).
-1
Let d(g) = -2*g**3 + 121*g**2 - 43*g - 1022. What is d(60)?
-2
Let r(x) = -10*x**3 + 94*x**2 - 12*x + 90. What is r(9)?
306
Let o(r) = -2*r**3 + r**2 + 41*r + 6. Give o(6).
-144
Let d(h) = h**3 - 37*h**2 - 71*h - 281. Calculate d(39).
-8
Let s(a) = a**3 - 12*a**2 + 24*a - 388. Determine s(10).
-348
Let u(c) = c**2 - 600*c + 5908. Give u(10).
8
Let l(u) = 2*u - 75. Give l(60).
45
Let t(r) = -r**2 + 3. Give t(-5).
-22
Let c(z) = z**3 - z**2 - 37*z - 24. Determine c(-5).
11
Let o(m) = -m**2 - 63*m - 1852. What is o(-31)?
-860
Let h(o) = 2*o**2 - 30*o - 700. What is h(28)?
28
Let p(h) = -6230*h - 149511. Determine p(-24).
9
Let r(g) = -g**3 - 5*g**2 + 6*g - 22. Determine r(4).
-142
Let y(i) = 12332*i - 147965. Determine y(12).
19
Let a(k) = -194*k - 2329. What is a(-12)?
-1
Let u(a) = -a**3 - 10*a**2 + 41*a + 402. What is u(-7)?
-32
Let u(x) = x**3 + 22*x**2 + 117*x - 28. What is u(-12)?
8
Let g(c) = 22*c - 472. Calculate g(-15).
-802
Let h(l) = -28*l + 601. Calculate h(22).
-15
Let v(j) = 60*j**2 + 3*j + 1. Calculate v(-1).
58
Let p(d) = 585*d + 3505. Give p(-6).
-5
Let l(p) = -5*p + 98. What is l(27)?
-37
Let b(m) = 55*m**2 - 11381*m - 831. Give b(207).
-3
Let b(n) = 36*n**2 + 2042*n - 565. What is b(-57)?
5
Let f(j) = 6*j**2 - 12*j - 50. Determine f(6).
94
Let i(g) = -2*g**3 + 4*g**2 - g + 76. Give i(5).
-79
Let n(o) = -13*o - 23. What is n(21)?
-296
Let q(p) = -88*p + 915. Give q(18).
-669
Let l(x) = -x**2 - 4*x + 137. Determine l(-11).
60
Let l(i) = i**3 + 19*i**2 + 39*i + 113. What is l(-17)?
28
Let v(p) = p**3 - 4*p**2 - 3*p - 19. Give v(4).
-31
Let r(m) = 1066*m - 5340. Determine r(5).
-10
Let b(j) = -131*j - 9313. Give b(-71).
-12
Let l(s) = -3*s**3 - 72*s**2 - 218*s - 609. Calculate l(-21).
0
Let i(z) = 44*z + 1497. Calculate i(-34).
1
Let d(q) = q**2 + 62*q + 652. What is d(-14)?
-20
Let y(d) = -50*d**2 + d - 4. What is y(1)?
-53
Let d(j) = -86*j + 1364. Give d(15).
74
Let s(m) = m**3 - 22*m**2 - 200*m - 118. Determine s(29).
-31
Let w(o) = -17*o - 6. Determine w(4).
-74
Let f(l) = 92*l**3 - 4*l + 5. Determine f(1).
93
Let y(a) = -9078*a - 45398. What is y(-5)?
-8
Let d(r) = r**3 - 9*r**2 + 3*r - 23. What is d(5)?
-108
Let q(p) = -50*p + 4662. What is q(93)?
12
Let s(d) = -18*d - 293. Calculate s(-21).
85
Let x(c) = -2629*c - 5281. Calculate x(-2).
-23
Let y(v) = -2*v**2 + 96*v + 1590. Determine y(61).
4
Let t(v) = -3*v**3 + 26*v**2 - 23*v + 274. What is t(9)?
-14
Let k(a) = -2*a**3 + 23*a**2 - 33*a - 31. What is k(8)?
153
Let k(w) = -72*w + 115. Give k(5).
-245
Let m(q) = 33*q**3 + 3*q**2 - 2*q + 1. What is m(1)?
35
Let m(q) = q**3 + 88*q**2 - 980*q + 37. Calculate m(10).
37
Let n(w) = -w**3 + 8*w**2 + 6*w + 7. Calculate n(4).
95
Let f(m) = -219*m - 3061. What is f(-18)?
881
Let v(z) = -34*z + 153. Determine v(4).
17
Let c(w) = -w**2 + 14*w - 46. Calculate c(4).
-6
Let b(s) = 14*s**2 - 116*s + 1. Determine b(8).
-31
Let d(t) = -5*t**2 - 109*t - 61. Give d(-21).
23
Let z(v) = -v**3 + 25*v**2 + 297*v - 24. Give z(-9).
57
Let y(x) = -5*x + 77. Calculate y(49).
-168
Let w(p) = 7*p**2 + 79*p + 89. Determine w(-10).
-1
Let l(a) = 24*a - 546. Determine l(23).
6
Let v(i) = i**3 - 63*i**2 - 47*i - 1084. Calculate v(64).
4
Let y(t) = -t**2 + 207*t + 5285. Determine y(230).
-5
Let l(m) = -m**3 - 11*m**2 + 5*m + 25. Determine l(-9).
-182
Let t(l) = -5*l**2 + 134*l + 1185. Give t(-7).
2
Let l(j) = 360*j**2 + 8*j + 12. Determine l(-1).
364
Let p(v) = v**2 + 9*v - 136. Give p(-22).
150
Let u(b) = 5*b**3 + 22*b**2 + 68*b - 27. Calculate u(-4).
-267
Let w(b) = 64*b - 439. Calculate w(14).
457
Let h(k) = -k**3 - 52*k**2 + 841*k - 249. Determine h(-65).
11
Let n(q) = -q**3 + 9*q**2 + 27*q - 351. Calculate n(8).
-71
Let k(m) = -4*m**2 + 130*m + 126. Give k(32).
190
Let a(z) = 401*z + 12042. Give a(-30).
12
Let l(t) = -60*t - 168. Calculate l(-3).
12
Let w(x) = 119*x + 3693. Calculate w(-31).
4
Let f(x) = x**3 + 6*x**2 - 34*x. Give f(0).
0
Let c(j) = 3*j**2 - 41*j + 163. Calculate c(7).
23
Let i(t) = -t**3 - 23*t**2 - 13*t + 36. What is i(-22)?
-162
Let c(t) = 5*t**2 - 93*t - 42. Determine c(19).
-4
Let u(m) = -m**3 - 11*m**2 + 21*m - 86. What is u(-13)?
-21
Let q(t) = -t**3 - 22*t**2 - 49*t - 47. Give q(-20).
133
Let l(g) = g**3 - 10*g**2 + 18*g - 130. Give l(9).
-49
Let i(y) = -12*y - 102. What is i(-5)?
-42
Let u(s) = s**3 + 24*s**2 + 108*s + 8. What is u(-18)?
8
Let k(l) = 2*l**3 + 36*l**2 + 113*l + 80. Determine k(-3).
11
Let x(i) = -18*i**3 - 11*i**2 - 12*i - 2. Determine x(-1).
17
Let x(a) = -140*a + 105. What is x(0)?
105
Let h(r) = -r**3 + 2*r**2 + 22*r - 32. Determine h(6).
-44
Let p(j) = -3*j**2 - 831*j + 5970. What is p(7)?
6
Let l(g) = -2*g**2 - 39*g - 148. Give l(-13).
21
Let l(x) = -x**3 + 13*x**2 + 14*x - 391. What is l(7)?
1
Let v(r) = r**3 - 12*r**2 - 3*r + 35. Calculate v(12).
-1
Let z(n) = n**2 + 154*n + 4769. What is z(-43)?
-4
Let k(v) = -2*v**2 - 113*v - 623. What is k(-6)?
-17
Let b(z) = -z**2 - 22*z + 4107. What is b(-76)?
3
Let c(q) = 90*q + 5792. Calculate c(-64).
32
Let j(c) = -131*c - 1168. Determine j(-9).
11
Let n(w) = w**2 + 257*w - 20466. Give n(64).
78
Let r(d) = 24*d**2 + 51*d + 160. What is r(-3)?
223
Let j(o) = 25*o**3 + 327*o**2 + 6*o - 63. Give j(-13).
197
Let y(m) = 167*m**2 - 2*m + 1. Give y(-1).
170
Let s(b) = -2*b + 5. Calculate s(6).
-7
Let z(d) = -17*d - 288. What is z(-25)?
137
Let m(v) = -v**3 - 5*v**2 - 135*v - 509. Determine m(-4).
15
Let z(i) = -i**3 + 10*i**2 - 13*i. Calculate z(8).
24
Let p(y) = -28*y + 463. Determine p(-8).
687
Let n(b) = -2*b**3 - 3*b**2 - 6*b - 6. Calculate n(-3).
39
Let g(p) = p**3 - p**2 - 3*p - 187. What is g(0)?
-187
Let q(r) = -r**3 - 16*r**2 + 21*r + 820. Give q(-12).
-8
Let k(m) = 11*m**2 - 139*m - 58. Give k(13).
-6
Let u(x) = 38*x - 3150. What is u(82)?
-34
Let i(m) = -263*m**2 + 1314*m + 25. What is i(5)?
20
Let o(w) = -w**3 + 36*w**2 - 61*w - 266. Determine o(34).
-28
Let p(j) = -26*j - 141. Give p(-17).
301
Let d(f) = -881*f - 2624. Give d(-3).
19
Let d(v) = v**2 + 824*v + 3271. What is d(-4)?
-9
Let f(k) = 153*k - 807. Give f(9).
570
Let r(v) = 2*v**2 - 238*v + 3469. Calculate r(17).
1
Let n(i) = i**3 + 45*i**2 - 87*i + 135. Give n(-47).
-194
Let z(a) = 1296*a - 134783. Calculate z(104).
1
Let z(t) = 12*t - 52. Determine z(-3).
-88
Let b(a) = -2*a**3 - 156*a**2 - 306*a - 171. Give b(-76).
-19
Let d(k) = k**2 - 963*k - 3858. Calculate d(-4).
10
Let s(c) = 51*c + 949. What is s(-37)?
-938
Let j(x) = 142*x**2 - 279*x + 3. Give j(2).
13
Let l(p) = 6*p**2 - 54*p - 60. What is l(10)?
0
Let w(p) = p**2 - 233*p - 3452. Calculate w(-14).
6
Let d(f) = -547*f + 4371. What is d(8)?
-5
Let v(t) = -5*t**3 + 31*t + 30. Give v(-1).
4
Let w(p) = p**3 - 85*p**2 - 523*p + 6565. Determine w(90).
-5
Let y(f) = -155*f - 409. What is y(-5)?
366
Let t(q) = 72*q + 2082. What is t(-29)?
-6
Let x(h) = -5*h**2 - 456*h + 390. Give x(-92).
22
Let k(n) = -985*n + 16740. Calculate k(17).
-5
Let o(r) = 9*r**2 - 13*r - 16. Calculate o(-5).
274
Let i(g) = -11296*g - 112961. Calculate i(-10).
-1
Let x(b) = -219*b - 1555. Calcula